r?
True
Let y = 16 + -31. Is y/(6 + -1)*-2069 a prime number?
False
Let p(a) = -a**3 + 27*a**2 - a + 30. Let d be p(27). Is 5830 - (d + (-50)/5) a prime number?
False
Let d = -48 - -50. Suppose -h + 3249 = 5*o - 7468, 4*o + d*h - 8570 = 0. Suppose -2*g = -926 - o. Is g composite?
True
Suppose 11*n - 7 = 15. Suppose 9*q = 4*j + 5*q, -n*q = -4*j. Is (-159)/(-3) - (j + -1 + -3) a composite number?
True
Let n be ((-24)/10)/(-2*9/70140). Let k = n + -5451. Is k a composite number?
True
Let h(g) = -g**2 - 7*g - 8. Let x be h(-6). Let o = -683 - 1518. Is x + (1 - 1 - o) a composite number?
True
Let z = 107 + -205. Let d = 100 + z. Is 24/18*381/d prime?
False
Is 3/(-2)*2 + (698181 + -21)/30 a prime number?
True
Let k(v) be the second derivative of -v**4/12 - v**3/3 + 3109*v**2/2 + 36*v. Suppose -3*t - 1 = -5*x - 4*t, 0 = -2*x + 3*t - 3. Is k(x) prime?
True
Let t be (-3 - (-2 + (-9)/3)) + 2. Suppose -5*o + 22 = -3*l, 38 = t*o - 5*l + 10. Is 254*(o + 9/(-6)) composite?
False
Let r = 119740 - 57959. Is r a composite number?
False
Let o be 8/(-28) - 1989/21. Let x = o + 105. Is 1616/x - (6 + (-54)/10) a prime number?
False
Suppose 154521 = 3*a - 5*j, 9720 = -5*a + 2*j + 267293. Is a a composite number?
False
Let v(h) = 55264*h + 11217. Is v(59) prime?
False
Suppose 0 = 32*x - 36*x + 208. Suppose 0 = -7*o + 20*o - x. Suppose -1603 = -3*n + 4*k, n - k - 2649 = -o*n. Is n a prime number?
False
Suppose -22 = 5*j + 3, 3*w - 4*j - 62 = 0. Is 201170/w - 110/385 prime?
True
Suppose -15*u - 3*z + 44880 = -12*u, 5*u + 2*z - 74800 = 0. Suppose -16*h = -5*h - u. Suppose 2058 = 2*b - h. Is b a composite number?
False
Let j(h) = -2*h**3 - 6*h**2 + 11*h + 7. Let y(d) = d**3 + 8*d**2 - 9*d - 9. Let m be y(-9). Let z be j(m). Let s = -266 + z. Is s a composite number?
True
Let o(w) = w + 14. Let b be o(-5). Suppose 4*j + 6935 = b*j. Let u = j + -216. Is u prime?
True
Let k(l) = 9 + 0 - 31*l**2 - 3. Let z be k(-5). Let d = z - -1200. Is d prime?
True
Suppose -257*v - 13514903 + 115949706 = 0. Is v a prime number?
False
Let l = 3195 - 878. Is l prime?
False
Let v = 40 - 52. Let i(p) = -2*p**3 + 7*p**2 - p + 18. Let o be i(v). Is 2/(-3)*o/(-4) a prime number?
False
Let r(f) = 11565*f + 2372. Is r(19) composite?
False
Let r be (((-12)/(-36))/((-2)/99642))/(-1). Suppose -9*f + r = 1028. Is f prime?
False
Suppose 13*m - 2822790 = 129489 + 781100. Is m prime?
False
Is ((-2682043)/(-364))/((-1)/(-4)) composite?
False
Suppose -3212720 = -305*n + 193*n. Is n a prime number?
False
Suppose -14 + 68 = y. Suppose 0 = -52*p + y*p - 1774. Is p prime?
True
Suppose 12*g - 12 = 8*g. Suppose -g*s - 8 = -7*s. Suppose -3*t + s*t + 3*o = -392, 0 = 3*t + 3*o - 1116. Is t prime?
False
Let f(r) = -81*r - 81*r + 7 + 52*r. Is f(-5) a composite number?
False
Let y(q) = q**2 + 4*q + 44. Suppose 0*f = -4*f + 16. Let n(l) = l**3 - 7*l**2 + 10*l - 5. Let u be n(f). Is y(u) a composite number?
True
Let y = 2437 + 2303. Suppose r = 5337 + y. Is r a prime number?
False
Suppose -5*t = 4*z + 11483 - 165326, -3*z + 4*t = -115390. Is z prime?
False
Suppose -n + 3*q = -648, -3*q - 1293 = -2*n + 2*q. Let r be 0*(-3)/18 + 2. Suppose 3*m + 2*m = -r*c + n, -2*m + c = -252. Is m composite?
False
Let x be (1 + 3/6*-1)*0. Suppose 0*b - 2*b - 60 = x. Is (580/b)/(6/(-45)) prime?
False
Let n = -333278 + 485631. Is n a prime number?
False
Suppose 27*t - 26*t = 41*t - 44202760. Is t prime?
False
Let z = 11885 - 3913. Let b = z + -5693. Suppose -3*a + b = -142. Is a a composite number?
True
Let b(r) = r**2 - 4*r - 6. Let y be b(4). Is (3/y)/(129846/43284 - 3) a composite number?
False
Let o be -3*(3 + -5) - -440793. Suppose -o = -28*f + 32653. Is f composite?
True
Let h = 285 + -112. Suppose -h*k + 164*k + 234693 = 0. Is k a composite number?
True
Let u = 1130 - -6690. Suppose 5*l + j - u = 0, 2*l + 0*l - 2*j = 3116. Is l composite?
True
Is (616749/(-9) - 1)*(-36)/(120/10) composite?
True
Let n = -11 - -21. Is (0 + 59835/n)*(-4)/(-6) a prime number?
True
Let h(r) = 80*r**2 - 8*r + 69. Let f be h(-16). Suppose -5*y + 14728 = -f. Is y composite?
True
Suppose 0 = 5*l + 3*k - 25, 0*k + 25 = 5*l - k. Suppose 1590 = r + 3*y - 1111, 3*y = l*r - 13505. Is r a composite number?
True
Let u be (-3)/(-3*1) + -39 + 20. Let h(v) = 79*v**2 + 77*v + 37. Is h(u) a prime number?
True
Suppose 11*x = 34 - 1. Suppose x*l - l = 25778. Is l a prime number?
True
Let x be 1/(6*(-5)/(-270)) + -5. Suppose i + 1116 = b, x*b + 4*i + 868 = 5316. Is b composite?
True
Let u = 115653 + -49294. Is u a prime number?
True
Let k(h) = -22258*h - 116. Let n be k(-17). Is (1/3)/(9/n*10) composite?
True
Suppose q = -0*v - 2*v - 13, 5*v = q - 8. Is (-1270)/(-4) + 3*q/42 composite?
False
Let p be (-4)/(-2)*697428/24. Suppose 2*a = -3*f + p, -5*f + 5*a + 12628 = -84237. Is f a prime number?
True
Suppose -2*i = i - 7218. Let p = -303 - -308. Suppose -i = -p*z - z. Is z prime?
True
Let u(k) = -49343*k - 14097. Is u(-10) a composite number?
True
Suppose 9 = -54*l + 57*l. Suppose -7*h + 9236 = -l*h. Is h a prime number?
True
Let h(g) = 4*g**2 + 2*g - 3. Let a be h(-4). Let v(p) = -95*p + 578. Let u be v(6). Suppose -67 - a = -u*k. Is k prime?
False
Let p(f) = -378*f**3 + 6*f**2 + 27*f + 73. Is p(-4) composite?
True
Suppose w + 3*k = -3*w + 35, -5*w + 2*k = -61. Let s(u) = u**2 - 9*u - 18. Let h be s(w). Suppose -h*j + 2631 = 547. Is j composite?
False
Let a(l) = -13523*l + 3261. Is a(-16) a prime number?
True
Let c = 530356 + -91293. Is c prime?
True
Let f be ((-3)/2)/(1/(-2)). Suppose 3*k + 3 + 6 = -3*q, -4*q - 19 = -f*k. Is (8/(-24))/(k/(-2307)) prime?
True
Suppose -f + 139 = 3*p + 3*f, -2*p + 4*f + 86 = 0. Suppose 41*o = p*o - 10516. Is o prime?
False
Let i be 4287/1 + -5 + 11. Let h = 6494 - i. Is h a composite number?
True
Let k(m) = -66*m + 4 - 2 - 34*m + 20*m. Let y be k(-4). Suppose -52*t + 50*t + y = 0. Is t composite?
True
Let p be 3 - (-3 - (2 + 3)). Suppose -p*d = -7*d - 664. Let z = d + 129. Is z composite?
True
Let x = 93 + -83. Suppose -8*t = x*t - 26982. Is t a composite number?
False
Suppose 632706 = 30*t - 892674. Is t prime?
False
Suppose -d - 2*s = -2*d + 98165, -14 = -2*s. Is d composite?
False
Is 1/((-1)/(6/(-4))*(-111)/(-8350382)) a composite number?
False
Suppose -105*d = 128553 - 1304238. Is d a prime number?
True
Let f be (-2402)/3 - (-2)/3. Let z = 1206 + f. Let v = z - -2983. Is v prime?
True
Suppose 0 = 15*q - 33 - 57. Suppose -3051 = -2*p - 5*n, -p + q*n + 1518 = 7*n. Is p prime?
False
Let p = -57 + 62. Suppose 0 = -s - 0*s + 3*s. Suppose -6750 = -5*a - 3*q + 25004, -p*a - q + 31748 = s. Is a a prime number?
False
Let p(h) = h**3 + 15*h**2 - 35*h + 376. Is p(27) a prime number?
False
Suppose 69*g - 64*g = d + 357839, 4*g - 286306 = -5*d. Is g composite?
False
Suppose 18 = 6*y + 3*y. Suppose -y*d = -d + 33. Is (-6)/d - (-2601)/33 prime?
True
Suppose -264043 = -a + 5*w, -5*a - 7*w + 53*w = -1320299. Is a composite?
True
Let z(o) be the second derivative of -5*o**3/3 + 23*o**2/2 - 11*o. Is z(-6) prime?
True
Is (36053 - -3) + (-3 + -2)*-1 a prime number?
True
Let g(f) = -299*f - 4. Let t(r) = 100*r + 1. Let i(k) = -2*k + 2. Let n be i(4). Let o(s) = n*g(s) - 17*t(s). Is o(4) a prime number?
True
Let v be 6/4 + (-135)/(-18). Suppose v*r + r = 290. Let c = 43 - r. Is c composite?
True
Suppose 28*t - 17*t = -11. Is 225/45 - 4778/t composite?
False
Let n(h) = -357*h + 14. Let j(k) = 2*k**2 + 49*k + 27. Let u be j(-24). Suppose -3 = 3*z + u*m, -z + 7*m = 2*m + 25. Is n(z) a composite number?
True
Let v be (-736350)/18 + 20/6 + -3. Let p = v - -64691. Is p a composite number?
True
Suppose 0 = -0*g + g - 9*g. Suppose -o - 15*o + 76016 = g. Is o a composite number?
False
Let h(m) = 1958*m + 871. Is h(72) a composite number?
True
Let n = 53 + -32. Let m = -4847 + 5632. Suppose -n*v - m = -26*v. Is v composite?
False
Suppose 28*z = 20*z - 8. Is (399074/(-78))/(z/3) a composite number?
False
Suppose -10 = 2*c, -3*c = -y - 2*y - 57. Let h be -6*(2 - y/(-9)). Suppose -22 = -4*x + 2*q + 142, 0 = -3*x - h*q + 145. Is x composite?
False
Let f = -17563 + 32261. Is f prime?
False
Suppose 18 = 3*m - 6*m. Let t be (-4)/(m*(6/(-9) + 1)). Suppose -6285 = -f - 4*f + 5*u, 3*f + t*u = 3781. Is f composite?
False
Suppose -946*d = -945*d - 10. Is 3108/d - (-2)/(20/2) 